List the prime factors of (26/(-7) + v)*-7.
2, 3
Let i(b) = -14*b - 12*b**2 + 0*b**3 + 6*b**3 + 17 - 5*b**3. List the prime factors of i(13).
2
Let x(c) be the first derivative of 11*c + 3 - 1/2*c**2. List the prime factors of x(0).
11
Suppose 0*h - h + 5*i = 10, -5*h + 2*i = -19. Suppose h*w + 4 = 19. Suppose -25 = -5*t, w*p + 1 = 4*t + 8. What are the prime factors of p?
3
Let c(s) = 5*s**2 + 2*s - 4*s**2 + 0*s**2 + 2*s. Let x be c(-7). Suppose -2*u - x = -3*u. List the prime factors of u.
3, 7
Suppose 0 = q - 2*g + 6, 4*q - 2*g = -q - 30. Let f be q*2/(-4) - -2. Let a = -2 + f. What are the prime factors of a?
3
Suppose 3*g = -4*s + 674, -2*g - 829 = -5*s + g. What are the prime factors of s?
167
Let v(i) = -i**3 - 10*i**2 + 12*i + 13. Let j be v(-11). What are the prime factors of (112/(-21))/(j/(-15))?
2, 5
Suppose -4*h + 6 = -2*h. List the prime factors of 5/15 + 14/h.
5
Let j(n) = -n**3 - 4*n**2 + 2*n - 1. Suppose 0*h - 10 = 2*h. List the prime factors of j(h).
2, 7
Let a = 0 - 11. Let f = a - -30. What are the prime factors of f?
19
Let h be (0/1)/((-3)/(-3)). Let v be (2 - 2)/(2 - h). Suppose 0 = -5*q - v*q + 40. List the prime factors of q.
2
Let d = -69 - -102. What are the prime factors of d?
3, 11
Let v be (-4)/(-6) + (-10)/(-3). Suppose 2*c + 164 = v*a, -4*a + 123 = -a - 2*c. Suppose 0 = -4*s + j + 32, -s + 6*s = j + a. What are the prime factors of s?
3
Let v = -27 + 16. Let t = v + 8. What are the prime factors of -7*(1 - (-6)/t)?
7
Let p = 191 + 68. What are the prime factors of p?
7, 37
Let c(y) = 5*y + 1. Let q be c(-1). Let i(v) be the third derivative of -v**4/24 + 5*v**3/6 - 4*v**2. List the prime factors of i(q).
3
Let h(p) = 2*p - 11. List the prime factors of h(8).
5
Let u be (3 + -1)*4*1. List the prime factors of (4 + 0)*30/u.
3, 5
Let j = 118 + -61. What are the prime factors of j?
3, 19
Let n be (-21)/(-12) + 2/8. Suppose -b = 5*y + n*b - 31, 5 = -y + 5*b. What are the prime factors of y?
5
Suppose y + d + 4 = -y, -4*y - 12 = 3*d. Suppose -a = -4*l + 21, y = -5*l - 2*a + 3*a + 26. What are the prime factors of l?
5
Let t = 11 + -7. Suppose 3*s = -3, 20 = -2*u + t*u - 4*s. What are the prime factors of u?
2
Let y = 0 + 4. Suppose -34 = -y*i - 5*f + 216, -i - 5*f + 70 = 0. What are the prime factors of (6/4)/(9/i)?
2, 5
Let i(k) = -4 + 3*k + 2*k - 2. Suppose -2 = z - 4*p - 6, -5*p = 2*z - 8. List the prime factors of i(z).
2, 7
Suppose 3*g = -q + 6*g + 90, 114 = q + 5*g. List the prime factors of q.
3, 11
Suppose 15 = 5*l - 45. Let t = l + -7. Suppose -t*y + 4 = -6. List the prime factors of y.
2
What are the prime factors of 0 - 1*(-151 + 2)?
149
Let j(r) = -r**2 + r + 4. Let k(s) = 2*s**2 - 3*s - 8. Let f(q) = -7*j(q) - 3*k(q). Let z be f(6). Suppose -3*m + z = -13. List the prime factors of m.
19
What are the prime factors of (-508)/(-14) - (-10)/(-35)?
2, 3
Suppose 5 + 3 = 4*s. Suppose -4*l + 10 = -s. Suppose l + 8 = q. List the prime factors of q.
11
Let d(n) be the first derivative of n**2/2 + 6*n - 4. List the prime factors of d(6).
2, 3
Let b(n) = 87*n - 3. List the prime factors of b(2).
3, 19
Let c(k) = -k**3 + k + 8. Let x be c(0). Let j = x + 28. Suppose -6*b + 2*b + j = 0. What are the prime factors of b?
3
Let q(b) = b**3 - 7*b**2 - b. Let y be q(7). What are the prime factors of (12/y)/((-2)/14)?
2, 3
Let v be (-2)/7 - 634/(-14). Suppose 0*r + 2*r + 10 = h, -h + v = 5*r. What are the prime factors of h?
2, 5
Suppose -5*u + 25 = 3*v, -v + 5 = -0*v + u. Let k = v + -9. Let d = k + 20. What are the prime factors of d?
11
Let o(q) be the third derivative of -q**4/2 - q**3/6 + q**2. Let g = 1 - 2. List the prime factors of o(g).
11
Suppose 0 = z - 13 - 1. Let i = -10 + z. List the prime factors of i.
2
Suppose 5*q - 2*q = -4*y + 237, -3*y - q + 184 = 0. What are the prime factors of y?
3, 7
Suppose 5*r - 26 = 4. Let q = r + -2. What are the prime factors of q?
2
Let b(z) = -z**3 + 10*z**2 - 5*z + 6. What are the prime factors of b(9)?
2, 3, 7
What are the prime factors of 5496/28 - 14/49?
2, 7
Let y = -82 - -120. Let a = y - 24. What are the prime factors of a?
2, 7
Let t = -59 + 184. List the prime factors of t.
5
Let g(x) = -x**3 + x**2 + x + 6. Let u(t) = t**2 + 7*t + 1. Let f be u(-7). Let o be 0/((-2)/1*f). What are the prime factors of g(o)?
2, 3
Suppose f + 15 = 59. Let p = f - 23. What are the prime factors of p?
3, 7
Let y = -21 + 5. Suppose -2*t = -3*t + 10. What are the prime factors of (y/t)/((-6)/15)?
2
Let i(o) = o**2 - o + 1. List the prime factors of i(2).
3
Suppose m - 3*m - 116 = 4*i, -4*m + 48 = -2*i. Let j = -4 - i. What are the prime factors of j?
2, 3
Let f(z) = z**3 - 3*z**2 - 7*z - 10. List the prime factors of f(5).
5
Let m = -7 - -15. Suppose 0 = -4*y + m*y. Suppose y = 6*q - 2*q - 36. List the prime factors of q.
3
Let n = 14 - -148. What are the prime factors of n?
2, 3
Suppose 6*i - 612 = 210. List the prime factors of i.
137
Suppose h = 3*y + 26, 2*h + y = h + 42. Let d = 67 - h. List the prime factors of d.
29
Let j(d) = d. Let b(w) = 2*w**2 + 7*w. Let x(o) = b(o) - j(o). What are the prime factors of x(-5)?
2, 5
Let h(q) = -q**2 - 7*q. Let d be h(-6). Let w = d + 1. Suppose 4*b = 5*i + 42 + w, 0 = b + 4*i + 14. List the prime factors of b.
2, 3
Suppose 1070 = -22*q + 27*q. List the prime factors of q.
2, 107
Suppose 0*f + 2*f = c + 149, 2*c = 5*f - 373. What are the prime factors of f?
3, 5
Let k(t) = 2*t**3 - 4*t**2 - 6*t + 4. Let s be k(4). Suppose s - 239 = -5*m. What are the prime factors of m?
3, 13
Let k(c) = -2*c + 3. Suppose -2*m = -8, -5*s - 3*m - 50 = 2*m. List the prime factors of k(s).
31
Let v be -3*2 + 3/1. What are the prime factors of (-99)/(0 + v) - 3?
2, 3, 5
Suppose d - 4*n - 6 = -3*n, -2*n = 5*d - 2. Suppose d*m - 2 = -4*h + 12, 48 = 4*m + 4*h. What are the prime factors of m?
17
Let c(w) = w**3 + 10*w**2 - w - 11. Let r be c(-10). Let j be -4 + (-2 + 0)/r. List the prime factors of 42/4 + j/4.
2, 5
Let y(r) = r**3 - 4*r**2 - r + 1. Let k be y(4). Let w be (-2)/(k/(4 - -2)). Let o(h) = h**2 - 2*h + 2. List the prime factors of o(w).
2, 5
Let d(l) = -13*l - 31. List the prime factors of d(-15).
2, 41
Let w = 42 - -57. List the prime factors of w.
3, 11
Let n(z) = z**2 + z - 2. Let a = 16 + -12. What are the prime factors of n(a)?
2, 3
Suppose -2*z + 8*z - 960 = 0. What are the prime factors of z?
2, 5
Let v(z) = -4*z + 7. Let q be v(3). Suppose 0 = 4*s + 12, 4*n - 2*s + 21 = -s. What are the prime factors of (-2)/q*(19 - n)?
2, 5
Suppose -b - y = -1, -3*y + 0*y + 5 = 4*b. Suppose -5 = -3*m - b. List the prime factors of 6*(4/3 - m).
2
Suppose 2*h - 4*h + 16 = 0. Suppose -6*v = -h*v + 80. What are the prime factors of v?
2, 5
Let k be (-1)/(-3) + (-17)/(-3). Let c be 10/(-1)*(-10)/(-25). Let h = c + k. What are the prime factors of h?
2
Suppose -5*p - 9 = -34. Let r = p - 1. Suppose r*f + 17 = 45. What are the prime factors of f?
7
Suppose 12*d = 11*d + 272. List the prime factors of d.
2, 17
Let h(j) = 12*j + 4. Let a be h(2). Let z = 27 + a. What are the prime factors of z?
5, 11
Let n(l) = l**3 + 9*l**2 - 11*l - 6. Let t be n(-10). Suppose 29 - 1 = t*s. List the prime factors of s.
7
Let f(w) = -w**2 + 1. Let o(c) = 10*c**3 + 4*c**2 + 2*c - 7. Let y(g) = 6*f(g) + o(g). What are the prime factors of y(1)?
3
Let p = 166 + -17. List the prime factors of p.
149
Let b(j) = -j**2 - 5*j + 3. Let h be b(-6). Let z(t) = t**3 + 4*t**2 + 3*t - 2. Let f be z(h). Let x(r) = -7*r - 3. What are the prime factors of x(f)?
11
Let u be (-3)/(-6) - 19/2. Let s = u - -14. List the prime factors of s.
5
Let w(j) = -j**3 + 6*j**2 - j - 6. Let v be w(5). Let b = 23 - v. What are the prime factors of b?
3
Suppose 4*h + 0 - 16 = 0. Suppose i = 0, h*j - 2*i - 12 = -0. Let p(c) = 2*c**3 - 3*c**2 - c - 3. List the prime factors of p(j).
3, 7
Suppose 5 - 25 = -4*c. Suppose c*y - y - 16 = 0. What are the prime factors of y?
2
Let u be (-790)/(-9) + 2/9. Suppose 3*x - t - u = -2*x, -2*t + 79 = 5*x. What are the prime factors of x?
17
Let m(l) = l + 7. Let s be m(-3). Suppose 12 = 2*q + s*r, 2 = 2*q + r - 13. Let y = q - 5. List the prime factors of y.
3
Let j(a) be the first derivative of -a**4/4 + 8*a**3/3 + 3*a**2/2 - 4*a + 4. List the prime factors of j(8).
2, 5
Suppose -d + 80